{"id":38,"date":"2020-04-11T16:03:39","date_gmt":"2020-04-11T16:03:39","guid":{"rendered":"http:\/\/www.tulparaviation.com\/?page_id=38"},"modified":"2020-04-12T11:51:37","modified_gmt":"2020-04-12T11:51:37","slug":"soru-sayilari-ve-sinav-sureleri","status":"publish","type":"page","link":"https:\/\/www.tulparaviation.com\/?page_id=38","title":{"rendered":"Soru Say\u0131lar\u0131 ve S\u0131nav S\u00fcreleri"},"content":{"rendered":"\t\t<div data-elementor-type=\"wp-page\" data-elementor-id=\"38\" class=\"elementor elementor-38\">\n\t\t\t\t\t\t<section class=\"elementor-section elementor-top-section elementor-element elementor-element-2fc2ca5 elementor-section-boxed elementor-section-height-default elementor-section-height-default\" data-id=\"2fc2ca5\" data-element_type=\"section\" data-e-type=\"section\">\n\t\t\t\t\t\t<div class=\"elementor-container elementor-column-gap-default\">\n\t\t\t\t\t<div class=\"elementor-column elementor-col-100 elementor-top-column elementor-element elementor-element-e6a13b5\" data-id=\"e6a13b5\" data-element_type=\"column\" data-e-type=\"column\">\n\t\t\t<div class=\"elementor-widget-wrap elementor-element-populated\">\n\t\t\t\t\t\t<div class=\"elementor-element elementor-element-ca1db00 elementor-invisible elementor-widget elementor-widget-image\" data-id=\"ca1db00\" data-element_type=\"widget\" data-e-type=\"widget\" data-settings=\"{&quot;_animation&quot;:&quot;fadeInUp&quot;}\" data-widget_type=\"image.default\">\n\t\t\t\t<div class=\"elementor-widget-container\">\n\t\t\t\t\t\t\t\t\t\t\t\t\t\t\t<img fetchpriority=\"high\" decoding=\"async\" width=\"829\" height=\"534\" src=\"https:\/\/www.tulparaviation.com\/wp-content\/uploads\/2020\/04\/Soru_Sayilari-Sinav_Sureler.jpg\" class=\"attachment-large size-large wp-image-197\" alt=\"\" srcset=\"https:\/\/www.tulparaviation.com\/wp-content\/uploads\/2020\/04\/Soru_Sayilari-Sinav_Sureler.jpg 829w, https:\/\/www.tulparaviation.com\/wp-content\/uploads\/2020\/04\/Soru_Sayilari-Sinav_Sureler-300x193.jpg 300w, https:\/\/www.tulparaviation.com\/wp-content\/uploads\/2020\/04\/Soru_Sayilari-Sinav_Sureler-768x495.jpg 768w, https:\/\/www.tulparaviation.com\/wp-content\/uploads\/2020\/04\/Soru_Sayilari-Sinav_Sureler-230x148.jpg 230w, https:\/\/www.tulparaviation.com\/wp-content\/uploads\/2020\/04\/Soru_Sayilari-Sinav_Sureler-350x225.jpg 350w, https:\/\/www.tulparaviation.com\/wp-content\/uploads\/2020\/04\/Soru_Sayilari-Sinav_Sureler-480x309.jpg 480w\" sizes=\"(max-width: 829px) 100vw, 829px\" \/>\t\t\t\t\t\t\t\t\t\t\t\t\t\t\t<\/div>\n\t\t\t\t<\/div>\n\t\t\t\t\t<\/div>\n\t\t<\/div>\n\t\t\t\t\t<\/div>\n\t\t<\/section>\n\t\t\t\t<section class=\"elementor-section elementor-top-section elementor-element elementor-element-0a5e3cd elementor-section-boxed elementor-section-height-default elementor-section-height-default\" data-id=\"0a5e3cd\" data-element_type=\"section\" data-e-type=\"section\">\n\t\t\t\t\t\t<div class=\"elementor-container elementor-column-gap-default\">\n\t\t\t\t\t<div class=\"elementor-column elementor-col-100 elementor-top-column elementor-element elementor-element-4c2bb9b\" data-id=\"4c2bb9b\" data-element_type=\"column\" data-e-type=\"column\">\n\t\t\t<div class=\"elementor-widget-wrap elementor-element-populated\">\n\t\t\t\t\t\t<div class=\"elementor-element elementor-element-49024e1 animated-slow elementor-invisible elementor-widget elementor-widget-text-editor\" data-id=\"49024e1\" data-element_type=\"widget\" data-e-type=\"widget\" data-settings=\"{&quot;_animation&quot;:&quot;flash&quot;,&quot;_animation_delay&quot;:300}\" data-widget_type=\"text-editor.default\">\n\t\t\t\t<div class=\"elementor-widget-container\">\n\t\t\t\t\t\t\t\t\t<p><a href=\"http:\/\/www.tulparaviation.com\/?page_id=7\"><strong>&lt;&#8211; Geri<\/strong><\/a><\/p>\t\t\t\t\t\t\t\t<\/div>\n\t\t\t\t<\/div>\n\t\t\t\t\t<\/div>\n\t\t<\/div>\n\t\t\t\t\t<\/div>\n\t\t<\/section>\n\t\t\t\t<\/div>\n\t\t ","protected":false},"excerpt":{"rendered":"<p>&lt;&#8211; Geri<\/p>\n","protected":false},"author":1,"featured_media":0,"parent":0,"menu_order":0,"comment_status":"closed","ping_status":"closed","template":"page-templates\/page_fullwidth.php","meta":{"footnotes":""},"class_list":["post-38","page","type-page","status-publish","hentry"],"_links":{"self":[{"href":"https:\/\/www.tulparaviation.com\/index.php?rest_route=\/wp\/v2\/pages\/38","targetHints":{"allow":["GET"]}}],"collection":[{"href":"https:\/\/www.tulparaviation.com\/index.php?rest_route=\/wp\/v2\/pages"}],"about":[{"href":"https:\/\/www.tulparaviation.com\/index.php?rest_route=\/wp\/v2\/types\/page"}],"author":[{"embeddable":true,"href":"https:\/\/www.tulparaviation.com\/index.php?rest_route=\/wp\/v2\/users\/1"}],"replies":[{"embeddable":true,"href":"https:\/\/www.tulparaviation.com\/index.php?rest_route=%2Fwp%2Fv2%2Fcomments&post=38"}],"version-history":[{"count":2,"href":"https:\/\/www.tulparaviation.com\/index.php?rest_route=\/wp\/v2\/pages\/38\/revisions"}],"predecessor-version":[{"id":198,"href":"https:\/\/www.tulparaviation.com\/index.php?rest_route=\/wp\/v2\/pages\/38\/revisions\/198"}],"wp:attachment":[{"href":"https:\/\/www.tulparaviation.com\/index.php?rest_route=%2Fwp%2Fv2%2Fmedia&parent=38"}],"curies":[{"name":"wp","href":"https:\/\/api.w.org\/{rel}","templated":true}]}}