{"id":329,"date":"2020-04-13T19:59:36","date_gmt":"2020-04-13T19:59:36","guid":{"rendered":"http:\/\/www.tulparaviation.com\/?page_id=329"},"modified":"2020-04-13T21:05:13","modified_gmt":"2020-04-13T21:05:13","slug":"tulpar-aviation","status":"publish","type":"page","link":"https:\/\/www.tulparaviation.com\/?page_id=329&lang=en","title":{"rendered":"Tulpar Aviation"},"content":{"rendered":"\t\t<div data-elementor-type=\"wp-page\" data-elementor-id=\"329\" class=\"elementor elementor-329\">\n\t\t\t\t\t\t<section class=\"elementor-section elementor-top-section elementor-element elementor-element-fb04fa1 elementor-section-boxed elementor-section-height-default elementor-section-height-default\" data-id=\"fb04fa1\" data-element_type=\"section\" data-e-type=\"section\">\n\t\t\t\t\t\t<div class=\"elementor-container elementor-column-gap-default\">\n\t\t\t\t\t<div class=\"elementor-column elementor-col-50 elementor-top-column elementor-element elementor-element-30e4c23\" data-id=\"30e4c23\" data-element_type=\"column\" data-e-type=\"column\">\n\t\t\t<div class=\"elementor-widget-wrap elementor-element-populated\">\n\t\t\t\t\t\t<div class=\"elementor-element elementor-element-3452f1f elementor-invisible elementor-widget elementor-widget-image\" data-id=\"3452f1f\" data-element_type=\"widget\" data-e-type=\"widget\" data-settings=\"{&quot;_animation&quot;:&quot;slideInLeft&quot;}\" data-widget_type=\"image.default\">\n\t\t\t\t<div class=\"elementor-widget-container\">\n\t\t\t\t\t\t\t\t\t\t\t\t\t\t\t<img fetchpriority=\"high\" decoding=\"async\" width=\"322\" height=\"250\" src=\"https:\/\/www.tulparaviation.com\/wp-content\/uploads\/2020\/04\/tulpar_logo02.png\" class=\"attachment-large size-large wp-image-12\" alt=\"\" srcset=\"https:\/\/www.tulparaviation.com\/wp-content\/uploads\/2020\/04\/tulpar_logo02.png 322w, https:\/\/www.tulparaviation.com\/wp-content\/uploads\/2020\/04\/tulpar_logo02-300x233.png 300w, https:\/\/www.tulparaviation.com\/wp-content\/uploads\/2020\/04\/tulpar_logo02-230x179.png 230w\" sizes=\"(max-width: 322px) 100vw, 322px\" \/>\t\t\t\t\t\t\t\t\t\t\t\t\t\t\t<\/div>\n\t\t\t\t<\/div>\n\t\t\t\t\t<\/div>\n\t\t<\/div>\n\t\t\t\t<div class=\"elementor-column elementor-col-50 elementor-top-column elementor-element elementor-element-3a14da7\" data-id=\"3a14da7\" data-element_type=\"column\" data-e-type=\"column\">\n\t\t\t<div class=\"elementor-widget-wrap elementor-element-populated\">\n\t\t\t\t\t\t<div class=\"elementor-element elementor-element-ebfedbc elementor-invisible elementor-widget elementor-widget-text-editor\" data-id=\"ebfedbc\" data-element_type=\"widget\" data-e-type=\"widget\" data-settings=\"{&quot;_animation&quot;:&quot;slideInRight&quot;}\" data-widget_type=\"text-editor.default\">\n\t\t\t\t<div class=\"elementor-widget-container\">\n\t\t\t\t\t\t\t\t\t<p>Tulpar Aviation and Training Services is an initiative with collaboration of Kokpit Havac\u0131l\u0131k E\u011fitim ve Yat\u0131r\u0131m A.\u015e and Heinze Akademie KG. It is aimed to provide highest and most reliable services on providing EASA Part-66 approved trainings and examinations in Turkey and EMEA territories.<\/p><p>With a great expertise and long-time experience, TULPAR Aviation will be the leading aviation training provider for industry players in Turkey and neighbourhood.<\/p>\t\t\t\t\t\t\t\t<\/div>\n\t\t\t\t<\/div>\n\t\t\t\t\t<\/div>\n\t\t<\/div>\n\t\t\t\t\t<\/div>\n\t\t<\/section>\n\t\t\t\t<\/div>\n\t\t ","protected":false},"excerpt":{"rendered":"<p>Tulpar Aviation and Training Services is an initiative with collaboration of Kokpit Havac\u0131l\u0131k E\u011fitim ve Yat\u0131r\u0131m A.\u015e and Heinze Akademie KG. It [&hellip;]<\/p>\n","protected":false},"author":1,"featured_media":0,"parent":0,"menu_order":0,"comment_status":"closed","ping_status":"closed","template":"page-templates\/page_fullwidth.php","meta":{"footnotes":""},"class_list":["post-329","page","type-page","status-publish","hentry"],"_links":{"self":[{"href":"https:\/\/www.tulparaviation.com\/index.php?rest_route=\/wp\/v2\/pages\/329","targetHints":{"allow":["GET"]}}],"collection":[{"href":"https:\/\/www.tulparaviation.com\/index.php?rest_route=\/wp\/v2\/pages"}],"about":[{"href":"https:\/\/www.tulparaviation.com\/index.php?rest_route=\/wp\/v2\/types\/page"}],"author":[{"embeddable":true,"href":"https:\/\/www.tulparaviation.com\/index.php?rest_route=\/wp\/v2\/users\/1"}],"replies":[{"embeddable":true,"href":"https:\/\/www.tulparaviation.com\/index.php?rest_route=%2Fwp%2Fv2%2Fcomments&post=329"}],"version-history":[{"count":2,"href":"https:\/\/www.tulparaviation.com\/index.php?rest_route=\/wp\/v2\/pages\/329\/revisions"}],"predecessor-version":[{"id":392,"href":"https:\/\/www.tulparaviation.com\/index.php?rest_route=\/wp\/v2\/pages\/329\/revisions\/392"}],"wp:attachment":[{"href":"https:\/\/www.tulparaviation.com\/index.php?rest_route=%2Fwp%2Fv2%2Fmedia&parent=329"}],"curies":[{"name":"wp","href":"https:\/\/api.w.org\/{rel}","templated":true}]}}